{"id":215,"date":"2024-10-16T10:57:50","date_gmt":"2024-10-16T08:57:50","guid":{"rendered":"https:\/\/books.saarphila.de\/?page_id=215"},"modified":"2026-03-06T12:23:54","modified_gmt":"2026-03-06T11:23:54","slug":"sonstige-publikationen","status":"publish","type":"page","link":"https:\/\/books.saarphila.de\/?page_id=215","title":{"rendered":"Sonstige Publikationen"},"content":{"rendered":"<p><span style=\"color: #333333;\">Auf diesen Seiten stelle ich meine Publikationen zur Saarphilatelie vor, welche nicht unter den separaten Men\u00fcpunkten aufgef\u00fchrt sind.<\/span><\/p>\n<p style=\"text-align: center;\"><strong>____________________<\/strong><\/p>\n<h5><span style=\"color: #1e73be;\">Saarphila<\/span> <span style=\"color: #f27200;\">Ratgeber<br \/>\n<\/span>Feldmerkmale SAAR I nach MICHEL<sup>\u00ae<\/sup><\/h5>\n<p><img loading=\"lazy\" decoding=\"async\" class=\"alignnone wp-image-329 size-medium\" src=\"https:\/\/books.saarphila.de\/wp-content\/uploads\/2026\/02\/Broschuere-Titelblatt-193x300.jpeg\" alt=\"\" width=\"193\" height=\"300\" srcset=\"https:\/\/books.saarphila.de\/wp-content\/uploads\/2026\/02\/Broschuere-Titelblatt-193x300.jpeg 193w, https:\/\/books.saarphila.de\/wp-content\/uploads\/2026\/02\/Broschuere-Titelblatt-659x1024.jpeg 659w, https:\/\/books.saarphila.de\/wp-content\/uploads\/2026\/02\/Broschuere-Titelblatt-768x1194.jpeg 768w, https:\/\/books.saarphila.de\/wp-content\/uploads\/2026\/02\/Broschuere-Titelblatt-988x1536.jpeg 988w, https:\/\/books.saarphila.de\/wp-content\/uploads\/2026\/02\/Broschuere-Titelblatt-1317x2048.jpeg 1317w, https:\/\/books.saarphila.de\/wp-content\/uploads\/2026\/02\/Broschuere-Titelblatt-1200x1866.jpeg 1200w, https:\/\/books.saarphila.de\/wp-content\/uploads\/2026\/02\/Broschuere-Titelblatt.jpeg 1402w\" sizes=\"auto, (max-width: 193px) 100vw, 193px\" \/><\/p>\n<p style=\"text-align: center;\"><span class='maxbutton-1-container mb-container'><a class=\"maxbutton-1 maxbutton maxbutton-aktuelles\" title=\"zur Brosch\u00fcre\" href=\"https:\/\/books.saarphila.de\/?page_id=325\"><span class='mb-text'>Feldmerkmale MICHEL<\/span><\/a><\/span><\/p>\n<p style=\"text-align: center;\"><strong>____________________<\/strong><\/p>\n<h5><span style=\"color: #1e73be;\">Saarphila<\/span> <span style=\"color: #f27200;\">Ratgeber<br \/>\n<\/span>Bibliografie zur Saarlandphilatelie<\/h5>\n<p><img loading=\"lazy\" decoding=\"async\" class=\"alignnone wp-image-438 size-medium\" src=\"https:\/\/books.saarphila.de\/wp-content\/uploads\/2026\/03\/Titelbild-212x300.jpeg\" alt=\"\" width=\"212\" height=\"300\" srcset=\"https:\/\/books.saarphila.de\/wp-content\/uploads\/2026\/03\/Titelbild-212x300.jpeg 212w, https:\/\/books.saarphila.de\/wp-content\/uploads\/2026\/03\/Titelbild-724x1024.jpeg 724w, https:\/\/books.saarphila.de\/wp-content\/uploads\/2026\/03\/Titelbild-768x1086.jpeg 768w, https:\/\/books.saarphila.de\/wp-content\/uploads\/2026\/03\/Titelbild-1086x1536.jpeg 1086w, https:\/\/books.saarphila.de\/wp-content\/uploads\/2026\/03\/Titelbild-1448x2048.jpeg 1448w, https:\/\/books.saarphila.de\/wp-content\/uploads\/2026\/03\/Titelbild-1200x1697.jpeg 1200w, https:\/\/books.saarphila.de\/wp-content\/uploads\/2026\/03\/Titelbild.jpeg 1568w\" sizes=\"auto, (max-width: 212px) 100vw, 212px\" \/><\/p>\n<p style=\"text-align: center;\"><span class='maxbutton-1-container mb-container'><a class=\"maxbutton-1 maxbutton maxbutton-aktuelles\" title=\"zur Bibliografie\" href=\"https:\/\/books.saarphila.de\/?page_id=440\"><span class='mb-text'>Bibliografie<\/span><\/a><\/span><\/p>\n<p>____________________<\/p>\n<p>\ud83c\uddec\ud83c\udde7 <strong>In a nutshell<\/strong>: On this landing page you find all my philatelic publications, not separately listed in the menu.<\/p>\n<p>\ud83c\uddeb\ud83c\uddf7 <strong>En bref<\/strong>: Sur cette page d&#8217;accueil, vous trouverez toutes mes publications philatelique, qui ne sont pas r\u00e9pertori\u00e9es s\u00e9par\u00e9ment dans le menu.<\/p>\n<figure id=\"attachment_175\" aria-describedby=\"caption-attachment-175\" style=\"width: 300px\" class=\"wp-caption alignnone\"><img loading=\"lazy\" decoding=\"async\" class=\"wp-image-175 size-medium\" style=\"color: #333333;\" src=\"https:\/\/books.saarphila.de\/wp-content\/uploads\/2024\/10\/Baustelle-300x220.jpg\" alt=\"\" width=\"300\" height=\"220\" srcset=\"https:\/\/books.saarphila.de\/wp-content\/uploads\/2024\/10\/Baustelle-300x220.jpg 300w, https:\/\/books.saarphila.de\/wp-content\/uploads\/2024\/10\/Baustelle-768x564.jpg 768w, https:\/\/books.saarphila.de\/wp-content\/uploads\/2024\/10\/Baustelle.jpg 1024w\" sizes=\"auto, (max-width: 300px) 100vw, 300px\" \/><figcaption id=\"caption-attachment-175\" class=\"wp-caption-text\">(work in progress)<\/figcaption><\/figure>\n<p><span style=\"color: #333333;\">#saarphila #saarphilatelie<\/span><\/p>\n","protected":false},"excerpt":{"rendered":"<p>Auf diesen Seiten stelle ich meine Publikationen zur Saarphilatelie vor, welche nicht unter den separaten Men\u00fcpunkten aufgef\u00fchrt sind. ____________________ Saarphila Ratgeber Feldmerkmale SAAR I nach MICHEL\u00ae ____________________ Saarphila Ratgeber Bibliografie zur Saarlandphilatelie ____________________ \ud83c\uddec\ud83c\udde7 In a nutshell: On this landing page you find all my philatelic publications, not separately listed in the menu. \ud83c\uddeb\ud83c\uddf7 En&hellip;<\/p>\n","protected":false},"author":2,"featured_media":0,"parent":35,"menu_order":0,"comment_status":"closed","ping_status":"closed","template":"","meta":{"footnotes":""},"class_list":["post-215","page","type-page","status-publish","hentry"],"_links":{"self":[{"href":"https:\/\/books.saarphila.de\/index.php?rest_route=\/wp\/v2\/pages\/215","targetHints":{"allow":["GET"]}}],"collection":[{"href":"https:\/\/books.saarphila.de\/index.php?rest_route=\/wp\/v2\/pages"}],"about":[{"href":"https:\/\/books.saarphila.de\/index.php?rest_route=\/wp\/v2\/types\/page"}],"author":[{"embeddable":true,"href":"https:\/\/books.saarphila.de\/index.php?rest_route=\/wp\/v2\/users\/2"}],"replies":[{"embeddable":true,"href":"https:\/\/books.saarphila.de\/index.php?rest_route=%2Fwp%2Fv2%2Fcomments&post=215"}],"version-history":[{"count":0,"href":"https:\/\/books.saarphila.de\/index.php?rest_route=\/wp\/v2\/pages\/215\/revisions"}],"up":[{"embeddable":true,"href":"https:\/\/books.saarphila.de\/index.php?rest_route=\/wp\/v2\/pages\/35"}],"wp:attachment":[{"href":"https:\/\/books.saarphila.de\/index.php?rest_route=%2Fwp%2Fv2%2Fmedia&parent=215"}],"curies":[{"name":"wp","href":"https:\/\/api.w.org\/{rel}","templated":true}]}}